{"id":960,"date":"2024-04-16T14:28:59","date_gmt":"2024-04-16T12:28:59","guid":{"rendered":"https:\/\/monassurancechasse.fr\/chasse-31\/?page_id=960"},"modified":"2024-04-16T15:52:43","modified_gmt":"2024-04-16T13:52:43","slug":"demande-de-devis-rc-associations","status":"publish","type":"page","link":"https:\/\/monassurancechasse.fr\/chasse-31\/demande-de-devis-rc-associations\/","title":{"rendered":"Demande de devis RC ASSOCIATIONS"},"content":{"rendered":"<h1><img loading=\"lazy\" decoding=\"async\" class=\"aligncenter size-large wp-image-78\" src=\"https:\/\/monassurancechasse.fr\/chasse-31\/wp-content\/uploads\/2020\/06\/lukasz-szmigiel-jFCViYFYcus-unsplash-1024x682.jpg\" alt=\"\" width=\"980\" height=\"653\" srcset=\"https:\/\/monassurancechasse.fr\/chasse-31\/wp-content\/uploads\/2020\/06\/lukasz-szmigiel-jFCViYFYcus-unsplash-1024x682.jpg 1024w, https:\/\/monassurancechasse.fr\/chasse-31\/wp-content\/uploads\/2020\/06\/lukasz-szmigiel-jFCViYFYcus-unsplash-416x277.jpg 416w, https:\/\/monassurancechasse.fr\/chasse-31\/wp-content\/uploads\/2020\/06\/lukasz-szmigiel-jFCViYFYcus-unsplash-300x200.jpg 300w, https:\/\/monassurancechasse.fr\/chasse-31\/wp-content\/uploads\/2020\/06\/lukasz-szmigiel-jFCViYFYcus-unsplash-768x511.jpg 768w, https:\/\/monassurancechasse.fr\/chasse-31\/wp-content\/uploads\/2020\/06\/lukasz-szmigiel-jFCViYFYcus-unsplash-1536x1023.jpg 1536w, https:\/\/monassurancechasse.fr\/chasse-31\/wp-content\/uploads\/2020\/06\/lukasz-szmigiel-jFCViYFYcus-unsplash.jpg 2000w\" sizes=\"auto, (max-width: 980px) 100vw, 980px\" \/><\/h1>\n<h1 class=\"product_title entry-title\">Je suis Pr\u00e9sident d\u2019une association de chasse et je veux assurer la RC ?<\/h1>\n<h4>Responsabilit\u00e9 civile<\/h4>\n<p>&nbsp;<\/p>\n<p>Le contrat garantit les cons\u00e9quences p\u00e9cuniaires pouvant vous incomber en cas de dommages corporels, mat\u00e9riels ou immat\u00e9riels caus\u00e9s aux tiers du fait :<\/p>\n<ul>\n<li>De vos dirigeants, vos adh\u00e9rents, des coactionnaires de chasse et tous invit\u00e9s, soit \u00e0 I\u2018un d\u2019eux, soit \u00e0 tous autres tiers participants ou non \u00e0 Ia chasse sur les territoires de chasse lorsque votre qualit\u00e9 d\u2019organisateur est mise en jeu au cours d\u2019une r\u00e9union de chasse ;<\/li>\n<li>De vos dirigeants, pr\u00e9pos\u00e9s et auxiliaires de chasse pendant l\u2019exercice de leurs fonctions et par vos gardes-chasse en dehors de Ia p\u00e9riode l\u00e9gale de chasse ;<\/li>\n<li>Des terrains et de leurs installations de chasse, telles que rendez-vous de chasse, palombi\u00e8res dont vous \u00eates propri\u00e9taire, locataire ou usager ;<\/li>\n<li>De manifestations \u00e0 caract\u00e8re priv\u00e9 telles que r\u00e9unions, f\u00eates, bals, buffets ou repas organis\u00e9s par vous-m\u00eame et exclusivement r\u00e9serv\u00e9s aux membres de la soci\u00e9t\u00e9, du groupement ou de l\u2019association, et \u00e0 leurs invit\u00e9s,<\/li>\n<li>En raison de l\u2019occupation temporaire de locaux (pr\u00eat salle pour votre AG\u2026)<\/li>\n<li>De l\u2019organisation de ball trap sous r\u00e9serve que les pratiquants se munissent d\u2019un casque et une paire de lunettes<\/li>\n<li>De la vente ou le don de bracelets,<\/li>\n<li>De la vente ou le don de venaison.<\/li>\n<\/ul>\n<p>Les cons\u00e9quences p\u00e9cuniaires pouvant vous incomber, en raison des dommages :<\/p>\n<ul>\n<li>Caus\u00e9s aux r\u00e9coltes, aux cultures et aux propri\u00e9t\u00e9s \u00e0 l\u2019occasion de la chasse ou de la destruction d\u2019animaux nuisibles ou malfaisants ;<\/li>\n<li>R\u00e9sultant de I\u2018emploi de pi\u00e8ges et d\u2019app\u00e2ts utilis\u00e9s conform\u00e9ment \u00e0 la l\u00e9gislation en vigueur ;<\/li>\n<li>Occasionn\u00e9s par le gibier lors des actions de chasse<\/li>\n<\/ul>\n<div role=\"form\" class=\"wpcf7\" id=\"wpcf7-f962-o1\" lang=\"fr-FR\" dir=\"ltr\">\n<div class=\"screen-reader-response\" aria-live=\"polite\"><\/div>\n<form action=\"\/chasse-31\/wp-json\/wp\/v2\/pages\/960#wpcf7-f962-o1\" method=\"post\" class=\"wpcf7-form\" novalidate=\"novalidate\">\n<div style=\"display: none;\">\n<input type=\"hidden\" name=\"_wpcf7\" value=\"962\" \/>\n<input type=\"hidden\" name=\"_wpcf7_version\" value=\"5.1.9\" \/>\n<input type=\"hidden\" name=\"_wpcf7_locale\" value=\"fr_FR\" \/>\n<input type=\"hidden\" name=\"_wpcf7_unit_tag\" value=\"wpcf7-f962-o1\" \/>\n<input type=\"hidden\" name=\"_wpcf7_container_post\" value=\"0\" \/>\n<\/div>\n<p><label> Nom ACCA (obligatoire)<br \/>\n    <span class=\"wpcf7-form-control-wrap NomACCA\"><input type=\"text\" name=\"NomACCA\" value=\"\" size=\"40\" class=\"wpcf7-form-control wpcf7-text wpcf7-validates-as-required\" aria-required=\"true\" aria-invalid=\"false\" \/><\/span> <\/label><\/p>\n<p><label> Nom et pr\u00e9nom du pr\u00e9sident (obligatoire)<br \/>\n    <span class=\"wpcf7-form-control-wrap NomPrenom-president\"><input type=\"text\" name=\"NomPrenom-president\" value=\"\" size=\"40\" class=\"wpcf7-form-control wpcf7-text wpcf7-validates-as-required\" aria-required=\"true\" aria-invalid=\"false\" \/><\/span> <\/label><\/p>\n<p><label> Nombre de membres de l'ACCA (obligatoire)<br \/>\n    <span class=\"wpcf7-form-control-wrap nb-membres\"><input type=\"text\" name=\"nb-membres\" value=\"\" size=\"40\" class=\"wpcf7-form-control wpcf7-text wpcf7-validates-as-required\" aria-required=\"true\" aria-invalid=\"false\" \/><\/span> <\/label><\/p>\n<p><label> Votre adresse de messagerie (obligatoire)<br \/>\n    <span class=\"wpcf7-form-control-wrap your-email\"><input type=\"email\" name=\"your-email\" value=\"\" size=\"40\" class=\"wpcf7-form-control wpcf7-text wpcf7-email wpcf7-validates-as-required wpcf7-validates-as-email\" aria-required=\"true\" aria-invalid=\"false\" \/><\/span> <\/label><\/p>\n<p><label> Votre num\u00e9ro de t\u00e9l\u00e9phone (obligatoire)<br \/>\n    <span class=\"wpcf7-form-control-wrap Tlphone\"><input type=\"tel\" name=\"Tlphone\" value=\"\" size=\"40\" class=\"wpcf7-form-control wpcf7-text wpcf7-tel wpcf7-validates-as-tel\" aria-invalid=\"false\" \/><\/span> <\/label><\/p>\n<p><label> Adresse (obligatoire)<br \/>\n <span class=\"wpcf7-form-control-wrap adresse\"><input type=\"text\" name=\"adresse\" value=\"\" size=\"40\" class=\"wpcf7-form-control wpcf7-text wpcf7-validates-as-required\" aria-required=\"true\" aria-invalid=\"false\" \/><\/span>    <\/label><\/p>\n<p><label> Code postal (obligatoire)<br \/>\n<span class=\"wpcf7-form-control-wrap Codepostal\"><input type=\"text\" name=\"Codepostal\" value=\"\" size=\"40\" class=\"wpcf7-form-control wpcf7-text wpcf7-validates-as-required\" aria-required=\"true\" aria-invalid=\"false\" \/><\/span>    <\/label><\/p>\n<p><label> Ville (obligatoire)<br \/>\n<span class=\"wpcf7-form-control-wrap Ville\"><input type=\"text\" name=\"Ville\" value=\"\" size=\"40\" class=\"wpcf7-form-control wpcf7-text wpcf7-validates-as-required\" aria-required=\"true\" aria-invalid=\"false\" \/><\/span>    <\/label><\/p>\n<p><label> Description de votre demande<br \/>\n    <span class=\"wpcf7-form-control-wrap your-message\"><textarea name=\"your-message\" cols=\"40\" rows=\"10\" class=\"wpcf7-form-control wpcf7-textarea\" aria-invalid=\"false\"><\/textarea><\/span> <\/label><\/p>\n<p><span class=\"wpcf7-form-control-wrap acceptance-324\"><span class=\"wpcf7-form-control wpcf7-acceptance\"><span class=\"wpcf7-list-item\"><input type=\"checkbox\" name=\"acceptance-324\" value=\"1\" aria-invalid=\"false\" \/><\/span><\/span><\/span> En compl\u00e9tant le formulaire, vous acceptez que nous traitions vos donn\u00e9es personnelles pour r\u00e9pondre \u00e0 vos demandes. Pour plus d'informations, consultez la politique de protection de la vie priv\u00e9e.*<\/p>\n<p><input type=\"submit\" value=\"Envoyer\" class=\"wpcf7-form-control wpcf7-submit\" \/><\/p>\n<div class=\"wpcf7-response-output wpcf7-display-none\" aria-hidden=\"true\"><\/div><\/form><\/div>\n","protected":false},"excerpt":{"rendered":"<p>Je suis Pr\u00e9sident d\u2019une association de chasse et je veux assurer la RC ? Responsabilit\u00e9 civile &nbsp; Le contrat garantit les cons\u00e9quences p\u00e9cuniaires pouvant vous incomber en cas de dommages corporels, mat\u00e9riels ou immat\u00e9riels caus\u00e9s aux tiers du fait : De vos dirigeants, vos adh\u00e9rents, des coactionnaires de chasse et tous invit\u00e9s, soit \u00e0 I\u2018un [&hellip;]<\/p>\n","protected":false},"author":1,"featured_media":0,"parent":0,"menu_order":0,"comment_status":"closed","ping_status":"closed","template":"","meta":{"footnotes":""},"class_list":["post-960","page","type-page","status-publish","hentry"],"_links":{"self":[{"href":"https:\/\/monassurancechasse.fr\/chasse-31\/wp-json\/wp\/v2\/pages\/960","targetHints":{"allow":["GET"]}}],"collection":[{"href":"https:\/\/monassurancechasse.fr\/chasse-31\/wp-json\/wp\/v2\/pages"}],"about":[{"href":"https:\/\/monassurancechasse.fr\/chasse-31\/wp-json\/wp\/v2\/types\/page"}],"author":[{"embeddable":true,"href":"https:\/\/monassurancechasse.fr\/chasse-31\/wp-json\/wp\/v2\/users\/1"}],"replies":[{"embeddable":true,"href":"https:\/\/monassurancechasse.fr\/chasse-31\/wp-json\/wp\/v2\/comments?post=960"}],"version-history":[{"count":4,"href":"https:\/\/monassurancechasse.fr\/chasse-31\/wp-json\/wp\/v2\/pages\/960\/revisions"}],"predecessor-version":[{"id":966,"href":"https:\/\/monassurancechasse.fr\/chasse-31\/wp-json\/wp\/v2\/pages\/960\/revisions\/966"}],"wp:attachment":[{"href":"https:\/\/monassurancechasse.fr\/chasse-31\/wp-json\/wp\/v2\/media?parent=960"}],"curies":[{"name":"wp","href":"https:\/\/api.w.org\/{rel}","templated":true}]}}